68948069 prime?
False
Is 565159523 composite?
True
Is 166755571 a prime number?
False
Is 238163053 composite?
True
Is 92340475471 a prime number?
True
Is 195334973 a composite number?
True
Is 74377294627 a composite number?
False
Is 4372286333 a prime number?
True
Is 13890293517 a composite number?
True
Is 83232977287 composite?
False
Is 1624274219 prime?
True
Is 100220921057 composite?
False
Is 38295725603 prime?
True
Is 2604263474 a prime number?
False
Is 767742929 composite?
True
Is 355685359 prime?
False
Is 561149161 a composite number?
True
Is 5316263123 composite?
False
Is 27280532033 prime?
False
Is 36988453561 prime?
True
Is 53924449769 composite?
True
Is 1986402503 prime?
False
Is 646813819 a prime number?
False
Is 51830032477 prime?
False
Is 21314241511 a prime number?
False
Is 10991539733 composite?
False
Is 12543654169 composite?
False
Is 5386428511 a prime number?
False
Is 9546087611 a composite number?
False
Is 95324666647 composite?
True
Is 7346065259 a composite number?
True
Is 7049967297 a composite number?
True
Is 370471339 composite?
True
Is 36847557371 a prime number?
True
Is 28752570767 prime?
False
Is 540010231 prime?
True
Is 62231756914 a prime number?
False
Is 676963181 a prime number?
True
Is 15300538991 a composite number?
True
Is 11941818527 prime?
False
Is 2373807661 composite?
True
Is 12575859143 composite?
True
Is 217652078467 composite?
False
Is 754811 prime?
True
Is 819921541 composite?
True
Is 3000732811 composite?
True
Is 135547875277 a composite number?
False
Is 1040857967 a composite number?
True
Is 6928444037 a composite number?
False
Is 144285461219 prime?
True
Is 6572474287 composite?
False
Is 352851007 composite?
True
Is 2110209601 a composite number?
True
Is 2449922021 a prime number?
True
Is 2224272055 composite?
True
Is 107022289163 composite?
False
Is 2292256723 a composite number?
True
Is 60181400761 a composite number?
False
Is 1164063811 a prime number?
False
Is 12237398783 a composite number?
False
Is 21334003649 a composite number?
True
Is 7503141469 composite?
False
Is 115127074 prime?
False
Is 1639822127 a composite number?
False
Is 187807181 a prime number?
True
Is 11139108571 a composite number?
False
Is 34681063 prime?
True
Is 21542673049 a prime number?
True
Is 1909593251 composite?
False
Is 20362408979 composite?
True
Is 31330978409 a prime number?
True
Is 19591678019 a prime number?
False
Is 579295559 composite?
False
Is 112064270371 a prime number?
True
Is 806455477 a prime number?
True
Is 14542094123 composite?
False
Is 17502109 a prime number?
False
Is 18442624561 composite?
True
Is 96101022109 prime?
True
Is 750756629 composite?
True
Is 3968640427 a prime number?
True
Is 3772644149 a composite number?
False
Is 1643698909 a composite number?
False
Is 11921343817 prime?
True
Is 3303424613 a composite number?
True
Is 9515957783 a prime number?
False
Is 37590089 composite?
False
Is 2871195911 prime?
False
Is 80972361797 a composite number?
True
Is 16421262023 a prime number?
True
Is 679461715 a composite number?
True
Is 4533411959 composite?
False
Is 3954215477 prime?
True
Is 930379511 a prime number?
False
Is 224274689 a prime number?
False
Is 2496752201 a composite number?
True
Is 50223766739 prime?
True
Is 5996396173 a prime number?
True
Is 6211420801 composite?
True
Is 57474166723 composite?
True
Is 1323969433 a composite number?
False
Is 3585684589 composite?
False
Is 53919242009 composite?
False
Is 17048087093 a prime number?
False
Is 1658684749 composite?
False
Is 12157041181 a composite number?
False
Is 37312746749 a composite number?
False
Is 20597477 prime?
False
Is 36800802833 a prime number?
True
Is 4888204933 composite?
True
Is 112886549 prime?
True
Is 37653295637 composite?
False
Is 18636024067 a composite number?
False
Is 71189096333 a prime number?
True
Is 110688761543 composite?
False
Is 85008056281 a prime number?
False
Is 5445543419 a composite number?
False
Is 506011438 a composite number?
True
Is 7543330213 prime?
False
Is 26619651893 a prime number?
False
Is 11398775231 a composite number?
False
Is 239346102431 composite?
True
Is 19741089755 a composite number?
True
Is 265668619 a prime number?
False
Is 59526059909 a prime number?
False
Is 81109465403 a composite number?
True
Is 146387897 a composite number?
False
Is 432092989 a composite number?
True
Is 16419726419 a prime number?
True
Is 1155896221 prime?
True
Is 714824431 a composite number?
False
Is 1258776643 a composite number?
False
Is 17930109413 composite?
False
Is 1242391033 a composite number?
True
Is 97146811 prime?
True
Is 99095807861 a composite number?
False
Is 1194708299 a prime number?
False
Is 518883691 prime?
False
Is 1235227177 composite?
False
Is 7548236693 a prime number?
False
Is 7802251969 a prime number?
True
Is 71341211 a prime number?
True
Is 2452263581 composite?
True
Is 17890843 prime?
True
Is 93710109863 composite?
True
Is 76573731451 a prime number?
False
Is 3981288217 a composite number?
True
Is 1758140931 prime?
False
Is 3888531109 a prime number?
False
Is 66351497959 a prime number?
False
Is 8357610341 a prime number?
False
Is 441511463 prime?
False
Is 18660916047 a composite number?
True
Is 53265529921 prime?
True
Is 938271497 composite?
True
Is 634936949 prime?
False
Is 100676617 a composite number?
False
Is 775424053 a composite number?
False
Is 58789124179 a composite number?
False
Is 613933921 a composite number?
False
Is 19185024259 a prime number?
True
Is 50534780321 prime?
True
Is 33430165871 prime?
False
Is 1215151571 a composite number?
True
Is 615857699 composite?
False
Is 28068150991 a composite number?
False
Is 1520464783 prime?
True
Is 50390003 a composite number?
True
Is 15001479349 a composite number?
False
Is 17525474453 composite?
True
Is 13528465103 a composite number?
False
Is 98564490659 a composite number?
True
Is 20558328217 prime?
False
Is 5173453423 prime?
True
Is 489476321 prime?
True
Is 259845889 prime?
True
Is 212119967 a prime number?
True
Is 498976073 a prime number?
False
Is 3597126499 a composite number?
False
Is 96357493187 a composite number?
False
Is 956201437 a composite number?
False
Is 985412927 a prime number?
True
Is 2636491873 composite?
False
Is 660422267 a prime number?
False
Is 13091322947 composite?
False
Is 9835514867 prime?
False
Is 399652993 composite?
True
Is 4687597231 composite?
False
Is 4165628563 a composite number?
False
Is 25248957589 a prime number?
False
Is 3076611959 a composite number?
True
Is 24464815121 prime?
True
Is 15989155337 a composite number?
False
Is 172471152923 composite?
False
Is 2450294911 prime?
True
Is 23685618419 prime?
False
Is 37607663843 composite?
False
Is 352762763 a prime number?
True
Is 1660045957 composite?
True
Is 466227119 prime?
False
Is 1834047011 a composite number?
False
Is 63873841 a composite number?
False
Is 36926342311 prime?
False
Is 542925313 a prime number?
False
Is 154955407 a prime number?
False
Is 227835345561 composite?
True
Is 1369829897 a prime number?
True
Is 437339009 a prime number?
True
Is 81161740041 prime?
False
Is 8852641339 prime?
False
Is 66455381 a composite number?
True
Is 989020853 composite?
False
Is 318075055 a composite number?
True
Is 432703001 a prime number?
True
Is 94845486347 composite?
False
Is 3825912823 a composite number?
True
Is 201543637 prime?
True
Is 14583409751 a prime number?
False
Is 13803529279 a prime number?
False
Is 10112536999 prime?
True
Is 16029734339 prime?
True
Is 17154589171 prime?
True
Is 3395983397 prime?
True
Is 23118438647 a prime number?
True
Is 1546342397 composite?
False
Is 4197346729 composite?
True
Is 124932207269 a composite number?
False
Is 1761280009 a prime number?
False
Is 133626067 a composite number?
True
Is 10237335803 composite?
False
Is 158059943 composite?
False
Is 2011861 a prime number?
True
Is 33892428263 prime?
False
Is 1228351807 prime?
True
Is 949742711 a prime number?
True
Is 551006095 a prime number?
False
Is 82528902167 composite?
False
Is 9789413287 a composite number?
False
Is 1919226473 a prime number?
False
Is 23379601153 a prime number?
False
Is 30152092899 composite?
True
Is 1652261837 a prime number?
True
Is 7431624269 a composite number?
False
Is 22488413881 a composite number?
True
Is 5539648495 pri